est common divisor of 8 and q?
2
Let p = 280 + 496. What is the highest common factor of p and 16?
8
Let p(c) = -c**2 + 19*c - 85. Let d be p(9). Calculate the highest common factor of d and 35.
5
Suppose 0 = -4*k - 2*w + 24, -8 - 4 = -2*k + 4*w. Suppose -3*u + 72 = k*u. Calculate the greatest common divisor of u and 64.
8
Suppose -9*w + 13*w = -456. Let c = 225 + w. What is the highest common divisor of c and 74?
37
Suppose 10 = -4*f + 34. Let r(j) = 3*j - 10. Let w be r(f). Let y be 70 + (-1)/1 + 3. Calculate the greatest common factor of w and y.
8
Suppose -9*d = -6*d - 9. Let w be d - (-1)/((-5)/(-35)). Calculate the greatest common divisor of 10 and w.
10
Let l = 277 - 249. What is the greatest common divisor of 21 and l?
7
Let h be 2/((125/(-65) - -3) + -1). Let t be (26/3)/(14/21). What is the greatest common divisor of h and t?
13
Let j(n) = -n**3 + 24*n**2 - 41*n - 46. Let c be j(22). Let u = -147 - -247. Calculate the greatest common divisor of c and u.
20
Let n(x) = x**3 + 8*x**2 - 2*x - 11. Let i be (-114)/15 - (-4)/(-10). Let a be n(i). Suppose a = -3*u + 26. What is the highest common factor of u and 28?
7
Let h(m) = -13*m + 10. Let s be h(-3). Calculate the highest common factor of 637 and s.
49
Let z = -750 + 760. What is the highest common divisor of 90 and z?
10
Let l be 1/(-1 + (-46)/(-47)). Let k = 110 + l. What is the highest common factor of k and 7?
7
Suppose 4*p = 4*k + 238 + 4954, 2*p - 2584 = 5*k. Calculate the greatest common divisor of 42 and p.
42
Let d be 2 + 18 + -2*1. Suppose -2*y = -5*x + 9*x - 40, -44 = -5*x - 4*y. Calculate the greatest common divisor of x and d.
6
Suppose 0 = -m - 3, 15 = 3*w + w + 3*m. Let s be 7 - (-6 - -1 - -9). What is the highest common divisor of s and w?
3
Let t be (-283)/(-5) - (-2)/5. Suppose y - 21 = -4*v + 25, 5*v + 92 = 2*y. Suppose -5*m = y - 141. Calculate the highest common factor of t and m.
19
Suppose -10 = -5*m, -2*a + 0*m - 5*m = -38. Suppose -a*x + 4034 - 674 = 0. What is the highest common factor of x and 16?
16
Let p = 1108 - 1098. What is the highest common factor of p and 130?
10
Let k be (70/(-15) - -5)/(1/51). Let c(s) = -3*s + 4. Let b be c(-3). Let i = k - b. What is the highest common divisor of i and 32?
4
Let l = 40 - 34. What is the highest common factor of l and 36?
6
Let l = 1334 + -1201. What is the greatest common divisor of l and 95?
19
Let v(h) = 32*h. Let d be v(7). What is the greatest common factor of d and 21?
7
Let k(f) = 3*f - 9. Let w be k(11). Let d = -4 + w. Calculate the greatest common factor of 50 and d.
10
Let g(c) = c**3 + 10*c**2 + 25. Let f be g(-9). Suppose p - 150 = -f. Calculate the greatest common divisor of p and 66.
22
Let n = -59 + 98. Let x = n + -3. What is the highest common divisor of 12 and x?
12
Let q be (-4)/(-6) + 272/24. What is the greatest common factor of q and 6?
6
Let m be 14 + -2 + 12/(-4). Calculate the greatest common factor of m and 171.
9
Let r(y) = -2*y - 2. Let u(a) = 2*a + 16. Let l(q) = 6*q + 1. Let i be l(-2). Let t be u(i). Let p be r(t). Calculate the highest common factor of p and 10.
10
Let f be (-6)/(-9)*6/(-4). Let p be f/3 - 650/(-6). Suppose 1608 - 7260 = -157*d. What is the greatest common divisor of d and p?
36
Let m be 0 + 4 + 166 + 2. Let a = m + -98. Suppose 0 = 5*j - a - 146. What is the greatest common divisor of 4 and j?
4
Suppose j = -4, -2*s = -0*s - 2*j - 16. Let l = 39 - s. Suppose -f = -3*p + 1, -5*p + 5 = -5. What is the greatest common factor of l and f?
5
Let a(o) = 2*o + 12. Let h(i) = -1. Let k(c) = 2*a(c) - 2*h(c). Let m be k(-6). Calculate the highest common factor of 4 and m.
2
Suppose -68*d + 71*d - 10 = -y, -5*y = -5. Suppose 0*q = 4*q - 48. Calculate the highest common divisor of q and d.
3
Suppose 8*n = 34 - 2. Suppose x - 49 = t, -5*t = -11 - n. What is the highest common factor of x and 26?
26
Let j be 15/(8/(-1 - -9)). Calculate the greatest common factor of j and 285.
15
Let q be (-4)/12 + (-1139)/(-51). Calculate the greatest common factor of 737 and q.
11
Let t = 1176 - 644. Calculate the highest common divisor of t and 28.
28
Let k be (-5)/2 + 620/40. What is the highest common divisor of 2 and k?
1
Suppose -s + 7*s = 198. What is the highest common factor of s and 11?
11
Suppose 4*x = 4*h + 52, 2*h + 3*x + 2 = -19. Suppose -26 = 3*j - 4*j. Let k be j*(-2)/h*3. Calculate the greatest common factor of 117 and k.
13
Let y(s) = -s**2 + 4*s + 78. Let k be y(0). Calculate the highest common divisor of k and 18.
6
Suppose 7*f - 160 = 2*f. Let n be (-1176)/(-154) - (-1 - (-14)/22). Calculate the greatest common divisor of n and f.
8
Let y be (-1 + (2 - 10))/(5/(-5)). What is the greatest common divisor of y and 24?
3
Suppose 4*k - 2*h - 79 - 901 = 0, 0 = 5*k - 5*h - 1225. What is the highest common divisor of 10 and k?
5
Let j(n) = n**3 - 10*n**2 + 3*n. Let q be (-2)/(-4)*20/3*3. Let c be j(q). Calculate the greatest common divisor of 12 and c.
6
Let x(s) = -4*s + 4*s**2 + 0 + 7*s - 5*s**2 - 2 + 5*s**3. Let j be x(3). Let t = j - 88. What is the greatest common factor of 18 and t?
9
Let i = -1685 - -2481. Suppose 5*n - 459 = i. Suppose 17 = g - 3*u - n, 273 = g - 4*u. Calculate the highest common divisor of 23 and g.
23
Let o(p) = -24*p + 144. Let i be o(2). What is the highest common factor of 144 and i?
48
Let j(z) = -9*z - 17. Let k be j(-2). Calculate the greatest common divisor of 4 and k.
1
Let b = -535 - -665. What is the highest common factor of b and 40?
10
Let z = 44 - 56. Let k be 195/20 - 3/z. Calculate the highest common divisor of k and 25.
5
Let j(s) = -s**3 - 27*s**2 - 129*s - 52. Let o be j(-21). Suppose -3*z + 4*g = -60 - 19, -2*g = 4*z - 142. What is the highest common divisor of z and o?
11
Let o = -78 + 94. What is the greatest common factor of o and 40?
8
Suppose 3*i + 4*u - 300 = 158, -2*i + 2*u + 310 = 0. What is the highest common divisor of 77 and i?
77
Let t = 14 - 24. Let d = 6 - t. Let w(n) = 25*n + 5. Let q be w(3). What is the greatest common divisor of q and d?
16
Let l(z) = z**3 + 16*z**2 + 14*z - 15. Let y be l(-15). Suppose -4*u = -y*u + 24. Let a = u - -8. What is the greatest common factor of 14 and a?
2
Suppose 4*z = 2*v + 2*v - 24, 0 = 4*v + 3*z + 11. Let u be (-6 + 5)/(v/(-18)). Let y be 2*(-3)/(-12)*12. Calculate the highest common divisor of u and y.
6
Let y(w) = 4*w**2 + w - 7. Let s be y(3). Suppose 0 = s*m - 35*m + 333. What is the greatest common divisor of 37 and m?
37
Let o(g) = 3*g**3 - 5*g**2 + 2*g + 3. Let w be o(3). Suppose 0*z + w = 5*z. Calculate the highest common factor of z and 9.
9
Suppose 0 = -5*q - 15 + 5. Let u be (-26)/q - (-3)/3. Suppose 3 = -2*m - c + 8, 5*m - 7 = 3*c. Calculate the greatest common divisor of m and u.
2
Let u(r) = -3*r + 18. Let g be u(12). Let c be (-5)/((-20)/g)*(-8)/12. Calculate the greatest common divisor of 27 and c.
3
Suppose -4*l + 1 = 5. Let m(r) = -7*r - 5. Let k be m(l). What is the greatest common divisor of 10 and k?
2
Let o = -11 - -11. Suppose -2*x + 5 + 43 = o. Let t = 60 - -132. What is the greatest common divisor of t and x?
24
Let c be ((-133)/(-21))/((-2)/(-6)). What is the highest common divisor of c and 304?
19
Let b be (-2)/9 + 300/135. Let n(x) = 8*x**2 + x + 2. Let k be n(b). Calculate the highest common factor of k and 180.
36
Let c be (-32)/112 - (-1489)/(-7). Let b = -10 - c. What is the highest common factor of 29 and b?
29
Let j(o) = 22*o**2 + 13*o + 5. Let i be j(-5). Suppose 0 = 14*l - 9*l - i. Suppose 5*n - 263 = -l. What is the greatest common factor of 11 and n?
11
Suppose 16*d = 13*d + 336. Calculate the greatest common divisor of 21 and d.
7
Suppose -3*n = 4*c - 2*c + 19, 4 = -2*c. Let g be (-5 - n) + 13 + -1*1. Let u be (-395)/(-3) + (-1)/(-3). Calculate the highest common factor of g and u.
12
Let t be (-3)/(-4 - -7) + (-104)/(-1). Let c = -68 + t. Calculate the highest common factor of c and 70.
35
Suppose -3*l - 2*o = 1, 4*o + 11 = 3. Suppose 4*z = 4*p - 680, -z + l - 3 = 0. What is the greatest common divisor of 21 and p?
21
Suppose 981 = 21*s + 351. What is the highest common factor of s and 150?
30
Let w be (3/2)/(49/(-10) - -5). Let m(o) = o**3 - 15*o**2 + 2*o - 16. Let z be m(w). Calculate the greatest common divisor of z and 35.
7
Let f(o) = -o*